 -2)?
-3
14 - 12 - (5 + 1 + -3)
-1
Calculate -6 + -3 + 14 + -6.
-1
What is -15 + (2 - -1) + 7?
-5
Evaluate -6 + (-5 - -15) - -1.
5
What is (5 - (8 + -15)) + -10?
2
Evaluate -5 + (12 - 16) + 4.
-5
Evaluate -12 - (10 + -4 + -12).
-6
Evaluate -2 + 1 + 24 + -21.
2
What is the value of 9 - -1 - (105 + -95)?
0
What is 1 - (-6 - (1 + -5))?
3
Evaluate 9 + 1 - ((7 - -6) + -7).
4
What is the value of (2 - -3) + -16 + 3 + 1?
-7
Evaluate (-6 - -1) + 79 + -81.
-7
Calculate (-7 - (-9 + 1)) + 0.
1
What is the value of 0 + 4 - (9 + -3 + -1)?
-1
Evaluate -1 + (-4 - -13) + (-4 - -1).
5
What is 0 - (2 - (0 - 3))?
-5
What is the value of (2 - (9 - 6)) + (0 - -2)?
1
What is the value of -1 - (13 + 3 + 3 + -10)?
-10
-10 - -4 - -6 - 5
-5
6 - -3 - (-4 + 10)
3
What is the value of 14 + 6 + (0 - 13)?
7
What is the value of 5 + -9 - (1 - (-2 - -2))?
-5
Evaluate (2 - (3 - (7 + -9))) + 0.
-3
What is 3 + 0 + 1 + (-357 - -348)?
-5
Calculate 5 - (6 - (3 + 3)).
5
Calculate ((-5 - 3) + -7 - -4) + 1.
-10
Evaluate -9 - (-12 + 18) - -13.
-2
Calculate -17 - ((-22 - -8) + 1).
-4
Evaluate -7 - (2 + 3) - (0 + -5).
-7
Calculate -1 + (-5 - -10) - 1.
3
-5 + 6 + -2 + 2
1
What is (-4 - 0) + 8 + -2 + -4?
-2
-17 - -16 - (-2 + 7)
-6
What is the value of 5 + -9 + (4 - 4) + 1?
-3
What is 3 - (0 - (14 + -6) - -11)?
0
What is the value of -4 - -1 - (-51 - -52)?
-4
(-1 - -6 - (-3 - -4)) + -4
0
Evaluate 0 - -3 - (4 + -7 - -6).
0
(-3 - -8) + -9 + 0
-4
What is the value of -5 + 7 + -2 + 1?
1
Calculate 3 + 1 + -1 - (-4 - -8).
-1
What is (16 - 2 - 1 - 2) + -6?
5
8 - (17 - -1 - 3)
-7
What is the value of (1 - -1 - 4) + 0 + 3?
1
Calculate -8 - (-8 - 0) - (-1 - 5).
6
What is -3 + 2 + -5 - -3 - -5?
2
What is the value of (-1 - -6) + 5 - 4?
6
What is -1 - 0 - (11 - 8)?
-4
What is 3 - ((-8 - -14) + (1 - 5))?
1
What is the value of (15 - 4) + -40 + 26?
-3
What is the value of 3 + 9 - (12 + -5)?
5
29 + -21 - (9 + -1)
0
5 + -4 - 8 - (-5 - -2)
-4
What is -3 + 4 + -2 + 2?
1
Evaluate 3 + (-3 - ((-2 - -4) + -5)).
3
Calculate (-5 - -7) + -8 + 5 - 2.
-3
Evaluate 2 - (-7 - -19) - -8.
-2
What is the value of -1 + (-2 - -6) - (4 - -2)?
-3
Evaluate (-7 - (-1 + -1)) + (-1 - -5).
-1
What is (1 - -3) + -15 + 12 + 3?
4
What is the value of 1 + (-2 - -3) - 6 - -3?
-1
Evaluate 2 - 0 - (-14 - 1 - -16).
1
Evaluate 3 - (-6 + (1 - -1) + 3).
4
What is the value of 5 - -1 - (8 - (8 + -4))?
2
Calculate 1 - (8 + 2 + -8) - 4.
-5
Evaluate -6 + (2 - (0 - 5)) - -7.
8
Evaluate -1 + (-3 - -1) - -3.
0
Calculate -2 + (2 - 3) - -2 - -4.
3
Evaluate 8 - (1 + (-3 + -1 - 0)).
11
Calculate 3 + -3 + -1 + (1 - 1).
-1
Evaluate -1 - 4 - (-6 - 0 - 4).
5
Evaluate -15 + 4 + -17 + 29.
1
What is (0 - -6) + -5 + -4?
-3
Evaluate (-5 - -20) + -5 - 7.
3
Calculate -6 + (4 - (2 + 1)).
-5
Calculate 11 + 1 + 8 + -27.
-7
What is 0 + 5 + (6 - 6)?
5
What is (-2 + 3 - (-19 + 21)) + -1?
-2
-9 + 16 + -2 + -2
3
Calculate -3 - (-2 + 1) - -3 - 3.
-2
Calculate 6 - 0 - 1 - 7.
-2
5 - (4 + -1 + -17 + 14)
5
Evaluate (10 - 7) + 3 + 0.
6
What is the value of 10 + -12 + (-1 - 1)?
-4
Calculate (15 - (2 - -13)) + 9 + 0.
9
Evaluate -4 - (-1 + 1 + 0 + -3).
-1
Evaluate 1 - (-3 - (2 + -9)).
-3
7 + -7 - (-5 + 1) - 10
-6
Calculate (7 - -3) + 2 + -7.
5
Evaluate (7 - (4 - (-6 - 6))) + 5.
-4
What is the value of (-3 - -2) + -3 + 3 + -3?
-4
What is the value of 3 - 7 - -5 - (2 - 1)?
0
Calculate -2 - ((6 - 4) + (-10 - -4)).
2
What is -1 + -2 - (-68 + 59)?
6
What is -13 + 15 + (-1 - -1) + 2?
4
(1 - 4 - -1 - -7) + -7
-2
Evaluate 3 + (-4 - 4) - -2.
-3
What is the value of -2 + (7 - -3) - (-49 + 49)?
8
What is 4 + (11 - (12 - 5) - 4)?
4
Evaluate 1 - 5 - 3 - (-1 + -2).
-4
What is (5 - -8) + -2 + -12?
-1
What is the value of 1 + 1 + 3 + -1 + 1?
5
Calculate -13 - -3 - -3 - (-2 + 0).
-5
What is the value of -11 - (-9 - (-2 + (0 - 1)))?
-5
Evaluate (3 - (2 + 7)) + (12 - -2).
8
What is the value of 3 + 0 - -3 - 5?
1
Evaluate -6 - (-2 + -4 - -2).
-2
Evaluate -2 + -3 + -7 + 10.
-2
What is the value of 2 + (6 - 5) + -3?
0
What is (-13 - -3) + 16 + -9?
-3
Evaluate 6 + -9 + 4 + -5.
-4
Calculate 11 + (-5 + -4 - -1).
3
Calculate ((-4 - -8) + -7 - -8) + 2.
7
What is -4 - -1 - (-1 - (-6 + 6))?
-2
(-3 - -2 - 2) + -1 - -2
-2
Calculate 4 + -7 + (-1 - -1) + 0.
-3
4 - (0 + (-3 - (-7 - -5)))
5
What is the value of 9 - 6 - (0 + 0 + 7)?
-4
4 - ((9 - -6) + 0)
-11
What is the value of -6 - (-7 - -11 - (1 + 4))?
-5
13 - 13 - (-1 + 5)
-4
What is (4 - (1 - 0)) + (3 - 1)?
5
What is 7 - (0 + 2 + 4)?
1
3 - 6 - (-2 - -1) - 0
-2
Evaluate (0 - 0) + (-5 - -2).
-3
What is 1 + 2 + -5 + -1 - -3?
0
What is 7 + -5 + 3 + -5?
0
What is the value of 0 + (0 - -6) + -4 + -6?
-4
Calculate (4 - 4) + (-2 - -4) + -7.
-5
Calculate 2 + -3 + 6 + 0.
5
What is the value of -4 + (-2 - 2) - -15?
7
What is -5 + 4 + 2 + -5?
-4
What is -2 - ((-11 - -1) + 12)?
-4
-4 - (3 - 6 - (-1 + 0))
-2
What is the value of -6 - (0 - 4) - -2?
0
What is 0 - (-2 + -5 + (5 - 3))?
5
Calculate -3 + ((12 - 4) + -4 - -3).
4
What is the value of 16 + (-19 - -9) + -4?
2
Calculate -12 + (8 - 14) + 12.
-6
What is (2 + 1 - -2) + -98 + 100?
7
What is the value of 5 - (-5 - -3 - -2)?
5
What is the value of -2 + (-7 - -2) + -10 + 13?
-4
Evaluate 3 - ((0 - (1 - 3)) + -2).
3
What is 1 + 9 + (-46 - -44)?
8
Evaluate -8 + 12 + -8 - (2 - 0).
-6
Evaluate (5 - ((16 - -2) + -5)) + 3.
-5
What is the value of -3 + -3 + 4 + -3 + 3?
-2
Calculate 2 + (-5 - -1) + 17 + -16.
-1
Evaluate -12 + 3 - (-48 - -35).
4
(14 - 9) + (2 - 3) + -7
-3
What is the value of -8 + -2 + (-15 - -21)?
-4
-69 - -77 - (0 + 3)
5
Evaluate 12 - (5 - (0 + -1)).
6
10 + -5 - 3 - -2
4
What is -6 + (-4 - -6) + 2?
-2
What is the value of 0 - 0 - 0 - (-48 - -49)?
-1
What is 1 - (-2 + 2 + -26 + 22)?
5
Evaluate 0 - -3 - (13 - 13).
3
Calculate 0 - (4 + -5 + 1).
0
Calculate -5 + 3 + 5 - (1 - 2).
4
9 + -6 + (1 - 4)
0
Evaluate (-4 - 1) + -5 - -5.
-5
-5 + 4 - 0 - 4
-5
What is -3 + 0 + (-4 - -13) + -4?
2
What is -5 - ((-1 - -1) + (2 - 3))?
-4
What is the value of 0 + (-8 - -2) + 3?
-3
What is the value of -22 + -13 + (36 - 10)?
-9
What is -3 + -2 + 2 + -41 + 46?
2
What is the value of -5 + 8 + (0 - -1) + -6?
-2
-6 + (1 - -11) + 0 + -11
-5
What is the value of 0 - 3 - (-4 + 10 - 6)?
-3
What is 3 + 2 + (2 - -4) + -8?
3
What is the value of (-33 - -23) + (10 - 2)?
-2
1 + 0 - (7 - (-9 - -21))
6
17 - 14 - (1 + 1)
1
Calculate -7 - 3 - (-5 + 0).
-5
Evaluate -4 - -4 - -2 - (7 + 1).
-6
Calculate -4 - ((-10 + -1 - -2) + 3).
2
Evaluate 4 - (3 + 5) - -7.
3
What is the value of (-13 - -7) + 1 + 1?
-4
Evaluate 9 - 11 - (1 + -4).
1
What is (-1 - (0 - -1)) + (4 - -2)?
4
3 + -17 + 9 - (1 + -1)
-5
Calculate 1 - (-4 - -3) - 2.
0
Calculate (-10 - 0) + (1 + -9 - -12).
-6
Calculate -18 + 1 - (-19 + 9).
-7
Evaluate -1 - (-5 - (-7 - -10)).
7
What is the value of (0 - (-4 + 0)) + -5?
-1
What is the value of 7 + (-4 - (-1 + (-1 - -2)))?
3
What is 6 + (-23 - -8 - -3)?
-6
What is the value of -3 + 1 + 0 - -3?
1
What is -1 + (6 - (6 + -4 - -2))?
1
Calculate 9 - ((2 - 3) + 9) - -10.
11
Calculate -1 + (-1 + 4 - (-2 - 4)).
8
What is -17 + 9 + 9 + 2 + -1?
2
(8 - 18) + 11 - -4
5
-4 + (8 - 4) - 0
0
Evaluate -1 - (3 - (-4 + 9 + -4)).
-3
What is the value of (-2 - (-2 - 1)) + -2?
-1
45 + -51 - (-7 + 1)
0
What is -3 + 7 + (-6 - -5) + -5?
-2
Evaluate (39 - 40) + (-3 - -1).
-3
What is -5 + 5 - 3 - (-1 - 5)?
3
Evaluate 12 - 15 - (-1 + 2 + -3).
-1
Calculate 8 - (-2 - (-10 + 4) - 0).
4
What is (2 - (1 - -4)) + (2 - -1)?
0
(-38 - -38) + 0 + -3
-3
What is the value of 5 - (5 - -1) - -2?
1
Evaluate -2 + 0 - ((2 - 5) + 2).
-1
Calculate -9 + 3 + (0 + 4 - 2).
-4
Evaluate 6 + 0 + 14 + (-25 - -13).
8
Calculate 7 + -1 + -1 - 0.
5
Calculate 1 + (-2 - 13) + 11.
-3
What is the value of ((-1 - 3) + 6 - 1) + 2?
3
What is -22 + 23 - (1 - (0 - -4))?
4
Evaluate (2 - (1 - 2)) + 7 + 0.
10
Calculate -5 - (0 + 2) - (29 - 29).
-7
Evaluate -2 + 0 - (0 - 1 - 6).
5
(0 - 1) + 1 + 0 - -5
5
What is the value of 0 + 6 + -2 + -4?
0
Calculate 16 + (-28 - -12 - -2).
2
Calculate 3 - (-2 - (-5 + 4)).
4
Evaluate (16 - 12) + 1 + (-5 - -1).
1
What is the value of 0 + (-9 + -2 - -14)?
3
Calculate 2 - ((-5 - -4) + 2 + 3).
-2
Calculate -12 + (-10 + 24 - 10).
-8
What is the value of 1 + (3 - (-2 - -4)) + 0?
2
-3 + (-7 - -10) - (-5 + -1)
6
What is the value of -5 - (-6 + 3 + -1)?
-1
What is the value of (-3 - (-4 - 7)) 